+ 6*o + 192. What are the prime factors of o?
2
Let r be (7 - 4)*(-220)/(-6). Suppose -d = -3*d + r. Suppose 16 - d = -3*g + 5*a, -5*a = -g + 23. List the prime factors of g.
2
Let z = 10 - 5. Suppose -z*k - 1 = 4*f - 42, -4*f + 36 = 4*k. Suppose 0 = -0*o + 2*o - k*h - 9, -h = o - 8. List the prime factors of o.
7
Suppose 13 = 5*x - 7. Let k(b) = b**3 - 2 + 5 - 5*b**2 + 2*b**2 - 4*b. What are the prime factors of k(x)?
3
Suppose 0 = 4*n - 132 - 168. Let u = -53 + n. What are the prime factors of u?
2, 11
Suppose 0*h - 3*h + 114 = 0. What are the prime factors of h?
2, 19
Let b be (-8)/(-6)*(-6)/(-4). Suppose -6*n + b*n = -12. List the prime factors of (14/(-4))/(n/(-6)).
7
Suppose -7 = m - 12. Suppose -5*a = m, 3*i - 6*i - 5*a = -7. List the prime factors of i.
2
Suppose -12 = o - 5*o. Suppose -o*s - 4 - 14 = 0. Let z(h) = h**3 + 6*h**2 - h + 2. What are the prime factors of z(s)?
2
Let j(t) = 5*t**2 + 1. Let k be j(1). Let i(s) = 2 + 2*s - 8 - 3. What are the prime factors of i(k)?
3
Let m(q) = 4*q**3 + 2*q**2 + 1. List the prime factors of m(2).
41
Let q be (1 - -20) + 24/(-8). Suppose -q = -3*i - 0*i. What are the prime factors of i?
2, 3
Let l(m) = -m**3 + 10*m**2 + 10*m + 16. Let y be ((-3)/6)/((-1)/22). Let z be l(y). Suppose r + 26 = 4*a, -a - 4*a + z*r + 40 = 0. List the prime factors of a.
2, 3
Let o(x) = -x + 6. Let y be o(6). What are the prime factors of (4 - (5 - y)) + 10?
3
Let m = -2 - -9. Let r be 2/12 + 62/(-12). Let n = r + m. List the prime factors of n.
2
Suppose 4*g = -0*g - 4. Let y(j) = j. Let m(l) = l**2 - 10*l + 11. Let s(v) = g*m(v) + y(v). List the prime factors of s(9).
7
Let w = 625 + -444. What are the prime factors of w?
181
Suppose -7*z = -2*z + q - 145, -3*z - 5*q = -65. List the prime factors of z.
2, 3, 5
Suppose -9 = -12*m + 13*m. List the prime factors of 35 - (m/3 + 2).
2, 3
Suppose -2*p + 4*p = 5*x - 128, 4*p + 48 = 2*x. List the prime factors of x.
2, 13
Let r(g) be the second derivative of -g**5/60 - g**4/8 + g**3/3 + g**2/2 - 2*g. Let z(c) be the first derivative of r(c). What are the prime factors of z(-3)?
2
Suppose -5 - 11 = 4*j. Let g(h) = 5*h + 1. Let c be g(1). Let k = j + c. List the prime factors of k.
2
Let p(q) = q**2 - 3*q - 1. Let t be p(4). Suppose t*h = 3, 3*f - 8 + 0 = h. Suppose -2*j + 35 = f*j. List the prime factors of j.
7
Let i = -1 - -1. Let g = -2 - i. List the prime factors of 2 - 3/g*6.
11
Let k = -2 - -11. Suppose 5*a + 105 = 5*w, 2*w - a - 41 = -0*w. Let o = w - k. List the prime factors of o.
11
Let j be (4 - 1)*200/6. Suppose 2*v = -4*x + 90, 0*x - 4*x = 4*v - j. List the prime factors of x.
2, 5
Suppose -13 = -6*p + 17. List the prime factors of p.
5
Suppose 5*l + 0 - 5 = 0. Suppose v - l = 4. List the prime factors of v.
5
Suppose -2*r = 3*n - 142, 2 = -7*n + 8*n. List the prime factors of r.
2, 17
Suppose -3*j = 2*w + 55, -5*w + 2*j = j + 146. Let d = -17 - w. List the prime factors of d.
2, 3
Suppose -4*h + 2*h + 4 = 0. Let c(t) be the first derivative of 3*t**2/2 - 2*t + 30. What are the prime factors of c(h)?
2
Suppose 0 = -0*h + 5*h + 20. Let f be (-8)/(-3)*(-6)/h. List the prime factors of (-2)/f*(-28 - -2).
13
Suppose 8*t + 54 = 10*t. List the prime factors of t.
3
Let o be 3 + 5 + -1 + 3. Let h = 22 - o. What are the prime factors of h?
2, 3
Let n(i) be the second derivative of -i**3/3 - 5*i**2/2 + 3*i. List the prime factors of n(-5).
5
Let y = 20 - 10. What are the prime factors of (8/y)/((-8)/(-180))?
2, 3
Suppose -5*b = 2*l - 3, -2*b - 4*l = -11 - 3. List the prime factors of b*33/6*-2.
11
Let s(r) = -r - 1. Let m be s(-5). Suppose 6 = -3*l, -m*y - 5*l + 167 = 37. List the prime factors of y.
5, 7
Suppose 2*k - 825 = -3*k. What are the prime factors of k?
3, 5, 11
Let y be -2 - 3/((-9)/(-33)). Let g = y - -34. Let r = -9 + g. What are the prime factors of r?
2, 3
Let y(u) = u**2 + 2*u + 2. Let k be y(-2). Let w be (-1)/(k/(3*-2)). What are the prime factors of (-7)/(-3)*(w - 0)?
7
Let o(n) = -n**2 - 12*n - 11. Let w = 4 - 13. Let m be o(w). Suppose -2*h = -2*b + m, 4*b = 3*h + 48 - 11. List the prime factors of b.
13
Suppose 2*r - 3*h + 61 = 0, -5*r + h = -r + 97. Let c = r + 37. What are the prime factors of c?
2, 7
What are the prime factors of (1 + 24/(-9) - -1)*-111?
2, 37
Let p = 93 + -48. Suppose 3*d - p = -0*d. What are the prime factors of d?
3, 5
Let x(h) be the first derivative of 2*h**2 + 7*h - 6. What are the prime factors of x(6)?
31
Let f be 4/10 + 23/5. Suppose f*k - 209 = 16. List the prime factors of k.
3, 5
Let d(s) = -24*s - 2. What are the prime factors of d(-3)?
2, 5, 7
Suppose 5*b + 61 - 16 = -x, -18 = 2*b + x. What are the prime factors of (-1)/3*b/1?
3
Let u(c) = c + 1. Let t be u(6). Let h = t - 5. What are the prime factors of h?
2
Suppose -6*f + 135 = -f. What are the prime factors of f?
3
Let d(h) = h**3 + 8*h**2 + 6*h - 5. Let p be d(-7). Suppose -2*z + 64 = -0*n + p*n, -n = 4*z - 23. List the prime factors of n.
5, 7
Let f be 5*((-6)/(-5) + -2). Let n = f + 5. Suppose -n = 2*l + 3, 3*z - 40 = -l. List the prime factors of z.
2, 7
Let f(a) = 1 + a - 7*a + a + 2*a. What are the prime factors of f(-3)?
2, 5
Let c be 30/(-24)*(0 - 4). Suppose -c*v = -15 - 0. What are the prime factors of v?
3
Suppose 0 = -3*f + 7*f - 56. Suppose -z - 4*r + f = 0, z - 2*z + 5*r + 14 = 0. List the prime factors of z.
2, 7
Suppose n - 3*n = -q - 10, 5*q = 3*n - 22. Let i(f) = -23 - n*f + 10 + 13. List the prime factors of i(-3).
2, 3
Suppose 5*p = 3*s - 380, 0 = -s - s + 4*p + 252. Suppose -120 = -5*m + s. What are the prime factors of m?
2, 5
Let i(x) = -x**2 - 8*x. Let m be i(-8). Suppose -4 = -2*l + l - 3*k, 3*l - 3*k - 24 = m. What are the prime factors of l?
7
Suppose -a + 117 = -93. Suppose 133 = 2*s - v, s + a = 4*s + 2*v. Suppose 3*p - 12 = -3, 5*f - s = -p. What are the prime factors of f?
13
Suppose 2*f - 10 = -0*f. Suppose f*l + 0*l + 5*d = 120, 5*l = -d + 112. List the prime factors of l.
2, 11
Suppose -217 - 168 = -5*y. What are the prime factors of y?
7, 11
Suppose 3*y = -d + 22 - 3, -5*y = 5*d - 145. Suppose -d = -2*b - 0*b. Suppose j - 5*c + b = 0, -2*j + 2*c = c - 11. What are the prime factors of j?
2
Let d(y) = -1 - y**3 + 3*y + 3 + 2*y**3 + 5*y**2. List the prime factors of d(-2).
2
Suppose -5*j + 10*j = -125. Let t = 4 - j. What are the prime factors of t?
29
Suppose -94 = -8*r + 602. What are the prime factors of r?
3, 29
Let g(p) = -10*p**3 + 6*p**2 + 7*p + 2. List the prime factors of g(-3).
5, 61
Let j(o) = o**2 + 3*o + 2. Let f(v) = -v**2 - 6*v - 4. Let b(y) = 3*f(y) + 7*j(y). What are the prime factors of b(-3)?
29
Suppose 7*b - 3*b = 2*f, 6 = 2*b. What are the prime factors of f?
2, 3
Suppose i - 356 = -i - 2*c, -2*i = 5*c - 362. What are the prime factors of i?
2, 11
Let h(m) = 1 + m**3 + 3*m - 2*m - 3 - m**2 - 3*m. What are the prime factors of h(3)?
2, 5
Let p(z) = -53*z**3 - 3*z**2 - 2*z. What are the prime factors of p(-1)?
2, 13
Let s(v) = -v**3 - 2*v**2 + 5*v + 5. Suppose 2*j - c = -10, 5*j + 27 = 3*c + 1. List the prime factors of s(j).
17
Let p(n) = n**3 - n**2 - 3*n + 2. Let d be p(2). Suppose 2*c + 0*c + 10 = 3*l, 4*c + 8 = d. Suppose r + g - l = -1, -r = 3*g + 5. List the prime factors of r.
2
Let l = 8 - 5. Suppose 2*m - 3 - 3 = 0. Suppose m = -j + 2, -l*j + 7 = w. List the prime factors of w.
2, 5
Let r(v) be the first derivative of 5*v**3/3 + v**2/2 - 5*v + 1. List the prime factors of r(3).
43
Suppose 4*d - 8*d - 3*u = -1062, 2*d + 4*u = 536. What are the prime factors of d?
2, 3, 11
Let t = -19 + 40. Suppose 0 = s + 4*u - 24, 3 + t = s - 2*u. What are the prime factors of s?
2, 3
Suppose 2*h - 7*h = 5*r - 30, -4*h + 2*r + 18 = 0. Suppose h + 1 = 2*l. Suppose 0*n - l*n = -30. What are the prime factors of n?
2, 5
What are the prime factors of 204/8 - (-9)/18?
2, 13
Let v = -11 - -7. List the prime factors of (-984)/(-54) - v/(-18).
2, 3
Let g = 16 - 28. Let k = g + 55. List the prime factors of k.
43
Let u(t) = 4*t + 9 - 7 + 2*t. Let g be u(5). Let z = 45 - g. List the prime factors of z.
13
Suppose -5*k + 15 = w, -w = k - 4 + 1. Let r(s) = 4*s + 4. What are the prime factors of r(k)?
2
Suppose 3*w - 17 = 4*c, c = -2*w + w + 1. Suppose -4*r - 15 - 18 = -w*a, 4*a = 4*r + 40. What are the prime factors of a?
